 639505403 composite?
False
Is 22079761141 composite?
True
Is 839691211 prime?
True
Is 8782690459 prime?
False
Is 12243365653 a prime number?
True
Is 12778410739 prime?
True
Is 7738636183 a composite number?
False
Is 11902232203 prime?
True
Is 588169577 a prime number?
True
Is 29875154359 prime?
True
Is 689275091 a prime number?
True
Is 254725787 prime?
True
Is 2371158631 composite?
False
Is 26508339514 composite?
True
Is 943312157 a prime number?
False
Is 27274875809 prime?
False
Is 42794239 a composite number?
False
Is 1575460281 a composite number?
True
Is 32197060607 a composite number?
False
Is 441159893 a composite number?
False
Is 20834091437 prime?
False
Is 649620091 composite?
True
Is 405107491 prime?
True
Is 373658377 composite?
False
Is 64749647 composite?
True
Is 69512953 prime?
False
Is 271461101 prime?
True
Is 55450045073 prime?
True
Is 158426003 a composite number?
False
Is 167843051 a prime number?
False
Is 80158724053 a prime number?
True
Is 91136011 a composite number?
False
Is 58132871 a prime number?
False
Is 105235861 prime?
False
Is 4809845171 composite?
True
Is 6932311247 a prime number?
True
Is 14644620413 a composite number?
False
Is 29774954633 a composite number?
False
Is 959785669 composite?
False
Is 61168333 composite?
False
Is 17126814431 a prime number?
True
Is 279054899 composite?
True
Is 19274102927 prime?
False
Is 6148911217 a composite number?
False
Is 12382213511 a prime number?
True
Is 2035976087 composite?
False
Is 1651486253 a composite number?
True
Is 145530483466 composite?
True
Is 374573735 a composite number?
True
Is 3643675679 composite?
True
Is 2420521099 prime?
False
Is 1536378985 a composite number?
True
Is 35078684926 prime?
False
Is 410858099 a prime number?
False
Is 46609784147 a composite number?
False
Is 1394743813 prime?
False
Is 100142113 a prime number?
True
Is 77853520649 a composite number?
False
Is 3174181193 prime?
False
Is 2976865547 a prime number?
False
Is 5272580827 a prime number?
True
Is 561309051005 a composite number?
True
Is 5650134067 prime?
False
Is 46508411 a composite number?
True
Is 174149939 a composite number?
False
Is 3639324131 a prime number?
True
Is 104124188251 prime?
True
Is 20230486711 a prime number?
True
Is 56064848429 composite?
False
Is 1510765541 composite?
True
Is 5557864381 composite?
True
Is 728612441 prime?
False
Is 20725305001 prime?
True
Is 3303449855 a composite number?
True
Is 1999401709 prime?
True
Is 2082679301 prime?
True
Is 260564669 prime?
True
Is 2213994407 composite?
True
Is 85309387313 a prime number?
False
Is 96577765303 a prime number?
False
Is 119726921 prime?
False
Is 3252631469 composite?
True
Is 5109591181 a prime number?
True
Is 4175265203 prime?
True
Is 18284301617 a composite number?
False
Is 17315557583 a prime number?
True
Is 7838861651 prime?
True
Is 2710910077 a prime number?
False
Is 2084978023 a composite number?
True
Is 29016983 prime?
False
Is 76999470701 prime?
True
Is 59060466239 a composite number?
False
Is 2970880897 a prime number?
False
Is 72622838809 a composite number?
True
Is 12106240805 a composite number?
True
Is 1958248787 a composite number?
True
Is 243064039 a prime number?
False
Is 268666131361 composite?
True
Is 667299341 a composite number?
True
Is 49282183 composite?
True
Is 74225543729 a composite number?
False
Is 64408657 prime?
True
Is 11714667491 prime?
True
Is 231371398193 a composite number?
True
Is 1160425003 composite?
True
Is 175723183 composite?
False
Is 166395947 a prime number?
True
Is 43927879591 prime?
True
Is 1255389227 a composite number?
True
Is 629647111 a prime number?
False
Is 4969732219 a composite number?
True
Is 28653556741 a composite number?
False
Is 5255071279 a composite number?
True
Is 25575451817 composite?
False
Is 523561799 prime?
False
Is 4829514166 a prime number?
False
Is 87111671 a prime number?
False
Is 4730412563 a composite number?
False
Is 649467043 a composite number?
False
Is 285723589 prime?
False
Is 4902319273 composite?
True
Is 1716128321 composite?
False
Is 79393528297 a prime number?
False
Is 1557634319 prime?
True
Is 1436920297 a prime number?
False
Is 8680994953 composite?
False
Is 38864021423 a prime number?
False
Is 29407889281 a composite number?
False
Is 654223645 composite?
True
Is 1864308461 prime?
True
Is 30698726767 a composite number?
False
Is 193128959 prime?
False
Is 366348478 prime?
False
Is 1489171127 composite?
True
Is 1599939646 a composite number?
True
Is 2613331907 composite?
False
Is 920953717 a prime number?
False
Is 12106803569 a prime number?
False
Is 71036622411 a composite number?
True
Is 8111561867 a composite number?
False
Is 268442987 composite?
True
Is 361418654 composite?
True
Is 1397523 prime?
False
Is 1940460017 composite?
False
Is 13540604183 prime?
False
Is 8899104953 prime?
True
Is 24770117 prime?
False
Is 1240865209 prime?
False
Is 22362313327 a composite number?
False
Is 6944304481 a composite number?
True
Is 187553011 prime?
True
Is 2406279949 a prime number?
False
Is 12037070107 a composite number?
True
Is 377696213 composite?
True
Is 662489831 a prime number?
True
Is 82698577239 composite?
True
Is 3322928039 prime?
False
Is 1396246715 prime?
False
Is 27954436901 a composite number?
False
Is 10851499861 a composite number?
False
Is 135477446873 a prime number?
True
Is 3540856037 composite?
True
Is 2099490079 a prime number?
True
Is 534145883 composite?
False
Is 6933223877 a composite number?
True
Is 1619641823 prime?
False
Is 8402686921 a prime number?
True
Is 145062846101 composite?
False
Is 1591053049 a composite number?
False
Is 742797547 a composite number?
True
Is 33661091 prime?
True
Is 33128057453 prime?
True
Is 34660615505 composite?
True
Is 15255246151 a prime number?
False
Is 338640763 a composite number?
True
Is 129598519 prime?
True
Is 36632243951 a composite number?
False
Is 6888736987 composite?
True
Is 1248953987 composite?
False
Is 43883356177 prime?
True
Is 134322413963 a composite number?
False
Is 74818539157 prime?
False
Is 7118551859 prime?
True
Is 71094367543 a prime number?
True
Is 1374945647 a composite number?
False
Is 28702116757 a composite number?
True
Is 2276605861 a composite number?
False
Is 423678329 a composite number?
True
Is 21291379633 a prime number?
True
Is 1660764137 composite?
False
Is 160609875509 prime?
True
Is 479744353 prime?
False
Is 143610563983 prime?
True
Is 104548928293 prime?
False
Is 6735018637 a prime number?
False
Is 19034048531 a prime number?
True
Is 120393365861 prime?
False
Is 1583964379 a composite number?
False
Is 1171920427 prime?
True
Is 3321501943 composite?
False
Is 44804520071 prime?
True
Is 8868759139 composite?
False
Is 582398422 composite?
True
Is 20432988941 a composite number?
True
Is 5513610353 a composite number?
False
Is 266684493431 a prime number?
False
Is 64199241259 a prime number?
False
Is 142002541 prime?
True
Is 2917923751 a composite number?
False
Is 3566202173 composite?
True
Is 996274189 a composite number?
False
Is 36840874441 a prime number?
False
Is 21828368599 a prime number?
True
Is 20966570635 composite?
True
Is 265327217 a prime number?
False
Is 195159509 prime?
True
Is 4656505709 prime?
True
Is 1442584151 composite?
True
Is 7945151381 a composite number?
False
Is 1535182741 a prime number?
True
Is 9977834039 composite?
False
Is 567802373 a prime number?
True
Is 12646333597 prime?
False
Is 2236199939 a composite number?
False
Is 67291499347 a prime number?
False
Is 3828073891 a composite number?
False
Is 4591451017 a composite number?
True
Is 2297782051 a composite number?
True
Is 51976611143 prime?
False
Is 20426220779 a prime number?
False
Is 9015514583 a prime number?
False
Is 1619028043 prime?
False
Is 2675360297 prime?
False
Is 82491500071 composite?
False
Is 3080719969 composite?
True
Is 3026870929 prime?
True
Is 162888337 a composite number?
True
Is 352724473 a composite number?
False
Is 6906225385 prime?
False
Is 1072483933 a composite number?
True
Is 7634216305 a prime number?
False
Is 2627376551 prime?
True
Is 75464567 prime?
True
Is 16733328145 a prime number?
False
Is 51357211969 a composite number?
True
Is 4679258413 a prime number?
True
Is 3288422503 composite?
False
Is 9024692867 a composite number?
True
Is 2986835333 